
284
Calculate the highest common divisor of 45377959 and 718.
359
What is the greatest common factor of 51314368 and 8064?
448
Calculate the greatest common divisor of 3038995 and 23125.
185
Calculate the highest common factor of 1267207 and 292.
73
What is the highest common factor of 285638764 and 12?
4
What is the highest common factor of 335979 and 1022?
7
Calculate the greatest common factor of 466848599 and 3722.
1861
What is the highest common divisor of 228245 and 1993085?
955
Calculate the highest common divisor of 252 and 1150031988.
252
Calculate the highest common divisor of 231 and 5879454.
21
Calculate the highest common factor of 5754597 and 14457.
237
What is the greatest common factor of 394 and 6058735?
197
What is the highest common divisor of 22248 and 6698296?
824
What is the greatest common divisor of 6207655 and 3390?
565
What is the highest common factor of 2862 and 7700211?
1431
What is the highest common factor of 8251596 and 27936?
3492
Calculate the highest common divisor of 778283675 and 30225.
10075
Calculate the greatest common divisor of 334230 and 35230.
130
Calculate the greatest common divisor of 76960184 and 1960.
392
What is the greatest common factor of 384902 and 1197?
133
What is the highest common divisor of 77160 and 9784?
8
Calculate the greatest common divisor of 38099 and 992.
31
Calculate the highest common factor of 356 and 1729982.
178
What is the highest common divisor of 15 and 985580?
5
What is the highest common divisor of 7390701 and 1353?
123
Calculate the highest common divisor of 704 and 6744408.
88
What is the highest common divisor of 30540 and 24465085?
2545
Calculate the highest common divisor of 20 and 17794510.
10
What is the greatest common factor of 38384352 and 576?
288
Calculate the greatest common factor of 9617399 and 3113286.
12067
Calculate the highest common divisor of 42153936 and 2508.
132
What is the greatest common divisor of 7839128 and 2376?
88
What is the greatest common factor of 976468314 and 11244?
5622
What is the greatest common factor of 48230 and 83210?
530
Calculate the highest common divisor of 169820 and 105.
35
Calculate the greatest common factor of 84 and 842692.
4
Calculate the greatest common divisor of 5456 and 30151.
11
Calculate the greatest common factor of 18720 and 2451488.
416
Calculate the greatest common factor of 30104 and 7076712.
568
Calculate the highest common factor of 522889994 and 418.
418
What is the greatest common factor of 10585 and 357335?
365
What is the greatest common factor of 148 and 22571443?
37
What is the highest common divisor of 1065253 and 8897?
217
What is the highest common factor of 4836 and 51611404?
1612
What is the highest common divisor of 784 and 74477200?
112
Calculate the greatest common factor of 107864406 and 14877.
513
Calculate the highest common divisor of 35679497 and 92799.
3437
What is the greatest common divisor of 836 and 237798?
22
What is the greatest common factor of 59679 and 5067?
9
Calculate the greatest common factor of 15552690 and 17073.
813
Calculate the highest common divisor of 89715381 and 21.
21
Calculate the greatest common divisor of 108684 and 1788.
12
What is the highest common factor of 81328 and 61594?
598
What is the highest common divisor of 924144 and 722728?
11848
What is the highest common factor of 3063880 and 1640?
40
What is the greatest common divisor of 1233614171 and 241?
241
Calculate the highest common factor of 3161 and 13681243.
29
What is the greatest common divisor of 44597508 and 16?
4
Calculate the highest common factor of 11 and 1244903.
11
Calculate the highest common divisor of 10311 and 611294509.
3437
Calculate the highest common factor of 580142293 and 159.
53
What is the highest common divisor of 2 and 53966746?
2
Calculate the greatest common divisor of 665 and 593145.
35
Calculate the greatest common factor of 431884328 and 7112.
1016
Calculate the highest common factor of 9540 and 2916855.
2385
What is the highest common divisor of 4980 and 96589590?
2490
What is the highest common factor of 12888 and 86829320?
1432
What is the highest common divisor of 2370 and 132695826?
474
Calculate the greatest common factor of 2790706 and 20008.
82
What is the highest common factor of 345 and 1409550?
15
Calculate the highest common divisor of 6996 and 4805828.
212
Calculate the greatest common factor of 7842 and 26057659.
1307
What is the greatest common divisor of 110 and 4359146?
22
What is the highest common divisor of 1495 and 165101360?
115
What is the greatest common factor of 341905 and 2210213?
1159
What is the greatest common factor of 144555054 and 16548?
8274
Calculate the greatest common factor of 253755 and 26820.
45
Calculate the highest common factor of 308 and 48811.
7
What is the highest common divisor of 1969604 and 15925?
637
Calculate the highest common divisor of 133867762 and 14.
14
Calculate the highest common factor of 367416 and 693.
63
What is the greatest common divisor of 105403374 and 1845?
369
Calculate the highest common divisor of 55 and 21934635.
5
Calculate the greatest common divisor of 99 and 48318.
3
Calculate the greatest common divisor of 100716 and 1743.
21
What is the highest common divisor of 3757276 and 155196?
1916
What is the highest common factor of 341 and 32170237?
11
What is the highest common factor of 667 and 84143906?
29
Calculate the highest common factor of 909272 and 819.
91
Calculate the highest common factor of 1153489 and 8003.
151
What is the greatest common factor of 137085732 and 36?
36
Calculate the highest common factor of 16730 and 240590.
70
Calculate the highest common factor of 806 and 61573564.
806
What is the greatest common divisor of 14 and 6564584320?
14
What is the greatest common factor of 489724 and 102758?
382
What is the highest common divisor of 7111 and 276782?
547
Calculate the highest common divisor of 4718 and 670630.
674
What is the greatest common divisor of 2268834 and 3294?
366
Calculate the greatest common factor of 11173646 and 6798.
2266
What is the greatest common divisor of 25929776 and 48?
16
What is the greatest common divisor of 479 and 11334577?
479
What is the greatest common divisor of 423 and 2261123?
47
Calculate the highest common divisor of 20572 and 1098752.
148
Calculate the highest common divisor of 3246926 and 22.
2
Calculate the highest common divisor of 36015 and 16455.
15
What is the greatest common divisor of 30520 and 2013585?
35
What is the greatest common factor of 54538 and 1090982?
74
What is the greatest common divisor of 1952640 and 4896?
288
What is the highest common divisor of 65311441 and 221?
13
Calculate the highest common factor of 12310566 and 5106.
5106
Calculate the greatest common divisor of 77862 and 17916.
6
Calculate the greatest common divisor of 17080 and 574840.
280
What is the highest common factor of 1216 and 116489?
19
Calculate the highest common divisor of 19400505 and 30.
15
What is the highest common factor of 132072226 and 3146?
3146
Calculate the highest common divisor of 11220100 and 37700.
2900
What is the greatest common factor of 9860529 and 40299?
2121
Calculate the greatest common divisor of 65240244 and 636.
636
Calculate the highest common divisor of 80 and 37907584.
16
Calculate the highest common divisor of 6399 and 143595.
9
Calculate the highest common divisor of 172263 and 126399.
273
What is the greatest common divisor of 5190 and 12890230?
1730
Calculate the highest common divisor of 18 and 97725438.
18
Calculate the highest common divisor of 312 and 7079553.
39
What is the greatest common factor of 4 and 601196?
4
Calculate the highest common factor of 2870 and 8414.
14
Calculate the greatest common factor of 7898988 and 60.
12
Calculate the greatest common divisor of 10521 and 133097664.
3507
Calculate the greatest common divisor of 399 and 107415.
21
Calculate the greatest common factor of 23295216 and 42.
42
Calculate the highest common factor of 15861865 and 1805.
95
Calculate the highest common factor of 5716 and 140588.
4
Calculate the greatest common factor of 3414 and 193595991.
1707
What is the greatest common factor of 39973 and 318719?
71
What is the highest common factor of 4873500 and 689